et p be r(k). Suppose 0 = -n - 3*n + 28. Calculate the greatest common divisor of p and n.
7
Suppose 4*a - 5*g = 294, -2*g - 431 = -5*a - 55. Calculate the greatest common factor of 494 and a.
38
Let l be (-329 - -327)*2*-1. Suppose -5*b - 5*s + 470 = 0, -2*b + 7 + 193 = -4*s. Suppose g = 4*g - b. What is the greatest common factor of g and l?
4
Let z = -18 + 29. Let m(i) = 3*i. Let a be m(7). Let d be a + -10 - (0 - 0). What is the greatest common divisor of d and z?
11
Let o(y) = -4*y**2 - 12*y + 31. Let m(f) = -9*f**2 - 24*f + 62. Let v(t) = 3*m(t) - 7*o(t). Let w be v(15). Calculate the greatest common factor of 34 and w.
34
Let y be (-23211)/(-45) + (57/(-15) - -3). Calculate the greatest common divisor of y and 5.
5
Let k = -1513 + 1546. Suppose -5*q = -2*s - 17, q = 2*q + 2*s - 1. Calculate the highest common divisor of k and q.
3
Let l be 9/(-4) + (-1)/(-4). Let x(b) = -4*b. Let h be x(l). Suppose 8*m + 12 = 20. Calculate the greatest common factor of h and m.
1
Let s = -233 - -332. Let p be 40/64 - 3/(-8). Let f(k) = 9*k**3 + k**2 + 3*k - 4. Let z be f(p). Calculate the greatest common factor of z and s.
9
Suppose r + 206 = 2*r + 2*l, 4*r + 4*l = 808. Suppose -4*b - 27 + 11 = 0. Let w(i) = -3*i + 6. Let j be w(b). Calculate the greatest common divisor of j and r.
18
Let m(q) = q**3 - 7*q**2 - 2*q + 5. Let u be m(7). Let l = -6 - u. Let o = l - -3. What is the greatest common factor of 6 and o?
6
Suppose r - 99 = -41. Suppose 3 = 2*c - 7. Let g be c/(-2)*406/(-35). Calculate the highest common factor of r and g.
29
Let u(c) = 45*c - 29*c - 23*c - 8. Let s be u(-11). Suppose 0 = -r - 0*r + 23. What is the highest common factor of s and r?
23
Let g = -109 + 109. Suppose h + 183 = 5*h + 5*n, g = -2*h + 3*n + 75. Calculate the greatest common divisor of 14 and h.
14
Let s(v) = 28*v - 10. Let i be s(13). Suppose -6*m + i = -3*m. Let z = 229 - m. Calculate the highest common divisor of z and 37.
37
Let i(j) = 2*j - 2. Let w be i(3). Suppose w*x = 2*h + 102, -13 + 1 = 4*h. Calculate the highest common divisor of 216 and x.
24
Let o = -6 - -160. Calculate the greatest common factor of 42 and o.
14
Let u = 642 - 547. What is the greatest common divisor of 57 and u?
19
Let q(t) = t**2 - 4*t + 1. Let a be q(5). Let b(c) = -c**3 + 8*c**2 - c - 3. Let x be b(a). Let p = 2 + x. What is the greatest common factor of p and 13?
13
Let m be 1 + -2 - (-2 - 13). Let l be (2*662/4)/1. Let c = l + -191. Calculate the greatest common divisor of c and m.
14
Let c be 4 - (2 + 4)/2 - -7. Calculate the greatest common factor of c and 32.
8
Suppose 4 = -2*n + 5*a + 22, 3*n - 8 = -2*a. Suppose -4*g + 44 - n = 0. Calculate the highest common factor of g and 110.
10
Let f(m) = -7*m**2 - m + 2. Let y be f(1). Suppose 5*a = -i + 8, 3*i - a = 5 - 13. Let j be (i + 3)*y/(-1). What is the greatest common divisor of j and 12?
6
Let h(p) = 3*p**2 + 3*p + 2. Let l be h(5). Let b be 1/(-1 - (-96)/l). Calculate the highest common divisor of 115 and b.
23
Let j(g) = -4*g + 10. Let k be j(2). Suppose 4*i - 14 = k*i. What is the highest common divisor of i and 49?
7
Let c = -77 - -103. What is the greatest common factor of 78 and c?
26
Let f = 115 + -120. Let x be 2 + 204/30 + 4/f. Calculate the greatest common factor of 8 and x.
8
Let s(x) = -2*x + 11. Let n be s(-6). What is the greatest common divisor of 276 and n?
23
Suppose 161 = 3*t + 44. Let x = 15 + t. What is the highest common factor of 18 and x?
18
Let z(h) = -38*h + 26. Let d be z(-5). Let i be 4/(d/153) - (-2)/12. What is the greatest common factor of i and 27?
3
Let a(x) = -x + 38. Let z be a(12). Calculate the greatest common divisor of z and 208.
26
Let y(w) = -w**2 + 29*w + 7. Let r be y(0). Calculate the greatest common divisor of 7 and r.
7
Let k(r) = 10*r - 235. Let o(u) = -u + 26. Let j(b) = -6*k(b) - 55*o(b). Let v be j(-14). Calculate the greatest common divisor of 10 and v.
10
Let x(z) = z**3 - 19 + 46 - 9*z**2 - 19. Let u be 8/(-28) + (-130)/(-14). Let p be x(u). What is the greatest common divisor of p and 72?
8
Suppose 13 = -2*c + 5*w, 3*w - 3 = 4*c - 12. Suppose c*m + 84 = 13*m. Calculate the greatest common factor of m and 4.
4
Suppose 8*f - 532 - 148 = 0. Let v = f + -77. What is the greatest common factor of 1 and v?
1
Suppose -10*j + 2*i - 736 = -12*j, -3*j + 1074 = -3*i. What is the highest common divisor of 66 and j?
33
Let m(y) = y**3 - 4*y**2 - 2*y - 7. Let u be 5 - -1 - (-18 - -19). Let p be m(u). What is the greatest common divisor of 16 and p?
8
Let h = -6844 + 6847. Let m(y) = -y**3 + 6*y**2 - 2. Let i be m(6). Let x(j) = 4*j**2 - 2*j + 1. Let d be x(i). Calculate the greatest common factor of h and d.
3
Suppose -c - 6*p = -3*p - 8, -72 = -5*c + p. What is the greatest common divisor of 343 and c?
7
Suppose 2*v + 407 = -3*r + 4*r, 0 = r - 3*v - 408. What is the greatest common divisor of r and 15?
15
Suppose 0 = 12*g + 7 + 5. Let y be (0 - g - 2)*70/(-10). What is the greatest common factor of 1 and y?
1
Let t = 998 - 965. What is the greatest common divisor of 627 and t?
33
Let x(l) = -l**3 + 23*l**2 + 23*l + 111. Let r be x(24). What is the greatest common factor of r and 493?
29
Suppose -45*n - 144 = -53*n. Calculate the greatest common factor of n and 234.
18
Let d be 8/96*-6*-2. Let r(q) = -2*q**3 - q**2. Let b be r(-2). Calculate the greatest common divisor of d and b.
1
Let j be (1 - (-2 - -4)) + 5. Let l be (-3)/(-1) - (-3 + (3 - j)). Suppose 4*b - 73 = 11. Calculate the highest common divisor of l and b.
7
Let b(y) = 4*y**2 - 26*y + 30. Let m be b(11). Calculate the highest common divisor of 342 and m.
114
Let p = 336 + -331. Calculate the highest common divisor of 2 and p.
1
Let v(y) = y**2 - 34*y + 113. Let g be v(31). Calculate the greatest common factor of 15 and g.
5
Let c = 53 - 48. Let d = 127 + -82. What is the highest common factor of d and c?
5
Let m be 16468/230 + (-4)/(-10). What is the highest common factor of 64 and m?
8
Let i(g) = 1 + 4 - 3 + 3*g. Let x be i(5). Calculate the highest common factor of 17 and x.
17
Suppose s + 4 - 9 = -l, -3*l + 5*s = -7. Let b(y) = -y + 8. Let q be b(l). Let r be (0 - 20)*q/(-8). What is the highest common factor of r and 10?
10
Let c = 8501 - 8393. Let w = 0 - -27. What is the greatest common divisor of w and c?
27
Suppose 2*c - 118 = -5*w, -c + 2*w - 4*w = -57. What is the greatest common factor of 7 and c?
7
Suppose -24*n + 130 - 10 = 0. What is the highest common divisor of n and 265?
5
Let v be (-18)/(-5)*-3*(-355)/142. What is the greatest common factor of v and 72?
9
Suppose 36 = 7*o - 4*o. Let d(l) = 3*l**2 + 0*l - 3*l + 4 + l**2 + 5*l. Let x be d(-4). What is the greatest common divisor of x and o?
12
Suppose 2*y = -q, y = -4 + 3. Suppose -52 = -3*n - g + q*g, 5*n - 76 = -g. What is the highest common factor of 64 and n?
16
Suppose 3*w + 160 = 244. Calculate the greatest common factor of w and 98.
14
Let l = -71 + 85. Let w(j) = j**2 - 8*j - 33. Let c be w(l). Calculate the highest common divisor of c and 34.
17
Suppose -5*m + 10*m - 5*p - 35 = 0, p + 3 = 0. Let k(n) = 6*n - 5. Let y be k(2). Let w = 43 - y. What is the greatest common factor of w and m?
4
Let g = -6 + 12. Suppose 2283 = 14*i - 1245. Suppose 780 = g*w + i. Calculate the highest common factor of w and 8.
8
Suppose 3*v = -14*r + 9*r + 175, -4*v + 4*r = -212. Suppose -46 = 5*u + 2*c, -8 = -2*c - 2*c. Let q = u + 15. Calculate the greatest common divisor of v and q.
5
Let w be -5 + 3 - (-4 + 19). Let l = w + 23. Calculate the greatest common divisor of l and 12.
6
Let x = 1171 - 660. What is the greatest common divisor of 219 and x?
73
Let i(f) be the third derivative of f**6/120 + f**5/30 - 11*f**4/24 - 3*f**3/2 + 29*f**2. Let q be i(-4). Calculate the greatest common factor of q and 4.
1
Let o = 1284 + -1238. What is the greatest common divisor of o and 414?
46
Suppose 2*j = 10, -4*g = 3*j - 296 - 115. Let v(b) = b**3 + 14*b**2 - 16*b - 4. Let x be v(-15). Calculate the greatest common factor of x and g.
11
Let v be 4 + 54/(-14) - (-944)/7. Suppose 3*m = 70 + 92. What is the highest common divisor of m and v?
27
Suppose 0*j = 6*j - 660. Let w be 3*((-30)/(-9) + -2). Suppose -4*d + 2*z + 80 = 0, -4*d - w*z = -22 - 82. Calculate the greatest common factor o